2379?
3
What is the ten thousands digit of 646664?
4
What is the hundreds digit of 1909082?
0
What is the ten thousands digit of 4641909?
4
What is the units digit of 7283301?
1
What is the units digit of 1184386?
6
What is the thousands digit of 6624410?
4
What is the thousands digit of 1154553?
4
What is the tens digit of 12965092?
9
What is the thousands digit of 282767?
2
What is the hundreds digit of 4588074?
0
What is the hundred thousands digit of 17413302?
4
What is the tens digit of 595901?
0
What is the ten thousands digit of 37748764?
4
What is the hundreds digit of 8464984?
9
What is the hundred thousands digit of 29242934?
2
What is the units digit of 377424?
4
What is the hundred thousands digit of 1452916?
4
What is the millions digit of 1994295?
1
What is the hundreds digit of 933549?
5
What is the tens digit of 8726506?
0
What is the hundreds digit of 56803?
8
What is the ten thousands digit of 13675280?
7
What is the ten thousands digit of 15558328?
5
What is the thousands digit of 36791?
6
What is the units digit of 29957715?
5
What is the hundred thousands digit of 35487226?
4
What is the millions digit of 3288548?
3
What is the ten thousands digit of 3758956?
5
What is the units digit of 293477?
7
What is the units digit of 300511?
1
What is the units digit of 833706?
6
What is the tens digit of 151003?
0
What is the thousands digit of 861308?
1
What is the hundreds digit of 172009?
0
What is the hundreds digit of 20762797?
7
What is the ten thousands digit of 267901?
6
What is the tens digit of 355697?
9
What is the hundreds digit of 953642?
6
What is the millions digit of 1791094?
1
What is the millions digit of 4378755?
4
What is the millions digit of 3446255?
3
What is the thousands digit of 37206?
7
What is the hundred thousands digit of 3199359?
1
What is the hundred thousands digit of 511695?
5
What is the thousands digit of 7527882?
7
What is the hundred thousands digit of 1266594?
2
What is the tens digit of 5570674?
7
What is the tens digit of 488413?
1
What is the units digit of 3635851?
1
What is the hundred thousands digit of 434300?
4
What is the units digit of 11665780?
0
What is the hundred thousands digit of 116061?
1
What is the units digit of 265724?
4
What is the hundreds digit of 2755946?
9
What is the millions digit of 13765107?
3
What is the ten thousands digit of 214013?
1
What is the hundreds digit of 36854755?
7
What is the hundred thousands digit of 572893?
5
What is the ten thousands digit of 7282465?
8
What is the hundred thousands digit of 146025?
1
What is the millions digit of 1678366?
1
What is the units digit of 1763408?
8
What is the millions digit of 2249677?
2
What is the ten thousands digit of 2060418?
6
What is the thousands digit of 14389408?
9
What is the thousands digit of 2562551?
2
What is the units digit of 29378226?
6
What is the ten thousands digit of 242039?
4
What is the tens digit of 286331?
3
What is the thousands digit of 5104637?
4
What is the hundreds digit of 8350405?
4
What is the thousands digit of 658763?
8
What is the units digit of 20881739?
9
What is the units digit of 299129?
9
What is the units digit of 200135?
5
What is the thousands digit of 3522503?
2
What is the millions digit of 17310335?
7
What is the ten millions digit of 12737744?
1
What is the hundred thousands digit of 123353?
1
What is the thousands digit of 326675?
6
What is the tens digit of 814017?
1
What is the ten thousands digit of 196532?
9
What is the units digit of 507757?
7
What is the hundred thousands digit of 4513983?
5
What is the hundreds digit of 683375?
3
What is the tens digit of 3489409?
0
What is the thousands digit of 196324?
6
What is the ten thousands digit of 9341651?
4
What is the hundreds digit of 5319870?
8
What is the hundreds digit of 445978?
9
What is the units digit of 753796?
6
What is the hundred thousands digit of 282771?
2
What is the hundreds digit of 32610?
6
What is the hundred thousands digit of 1670977?
6
What is the ten thousands digit of 168915?
6
What is the thousands digit of 13519?
3
What is the ten thousands digit of 5256429?
5
What is the thousands digit of 46736?
6
What is the units digit of 13131158?
8
What is the units digit of 8123183?
3
What is the ten thousands digit of 9533399?
3
What is the ten thousands digit of 5224097?
2
What is the tens digit of 13013351?
5
What is the ten thousands digit of 3733434?
3
What is the hundreds digit of 207008?
0
What is the units digit of 206677?
7
What is the thousands digit of 7277506?
7
What is the hundreds digit of 798893?
8
What is the units digit of 8933?
3
What is the ten thousands digit of 4122068?
2
What is the tens digit of 12493098?
9
What is the hundreds digit of 202505?
5
What is the thousands digit of 5093276?
3
What is the thousands digit of 329804?
9
What is the millions digit of 1523156?
1
What is the hundreds digit of 511575?
5
What is the thousands digit of 2999795?
9
What is the units digit of 147863?
3
What is the units digit of 104883?
3
What is the ten thousands digit of 1268360?
6
What is the ten thousands digit of 306543?
0
What is the millions digit of 2343400?
2
What is the hundred thousands digit of 9806904?
8
What is the thousands digit of 4510323?
0
What is the hundred thousands digit of 1186446?
1
What is the tens digit of 97393?
9
What is the hundreds digit of 121084?
0
What is the millions digit of 1037722?
1
What is the tens digit of 364171?
7
What is the hundred thousands digit of 4751069?
7
What is the tens digit of 2536632?
3
What is the hundreds digit of 3540136?
1
What is the units digit of 621849?
9
What is the ten thousands digit of 1487995?
8
What is the millions digit of 1794736?
1
What is the millions digit of 4803056?
4
What is the hundreds digit of 405599?
5
What is the tens digit of 838213?
1
What is the thousands digit of 26673?
6
What is the thousands digit of 5696441?
6
What is the hundred thousands digit of 8262630?
2
What is the units digit of 1377655?
5
What is the hundreds digit of 322089?
0
What is the tens digit of 4940652?
5
What is the units digit of 234974?
4
What is the millions digit of 14813139?
4
What is the thousands digit of 782307?
2
What is the hundreds digit of 340714?
7
What is the hundred thousands digit of 894211?
8
What is the units digit of 10155845?
5
What is the tens digit of 181595?
9
What is the tens digit of 2552254?
5
What is the hundred thousands digit of 5032410?
0
What is the ten thousands digit of 1253708?
5
What is the hundreds digit of 484801?
8
What is the tens digit of 9271944?
4
What is the hundreds digit of 357023?
0
What is the hundred thousands digit of 3360123?
3
What is the ten thousands digit of 8043508?
4
What is the ten thousands digit of 1152594?
5
What is the ten thousands digit of 1375856?
7
What is the hundred thousands digit of 161799?
1
What is the tens digit of 1924509?
0
What is the hundred thousands digit of 7400404?
4
What is the millions digit of 10385767?
0
What is the ten thousands digit of 3832082?
3
What is the ten millions digit of 30106502?
3
What is the tens digit of 1712051?
5
What is the ten thousands digit of 966751?
6
What is the hundreds digit of 5732896?
8
What is the thousands digit of 20371477?
1
What is the hundred thousands digit of 287587?
2
What is the ten thousands digit of 9065098?
6
What is the tens digit of 190700?
0
What is the tens digit of 254856?
5
What is the ten thousands digit of 8621342?
2
What is the hundred thousands digit of 4258767?
2
What is the thousands digit of 249869?
9
What is the thousands digit of 448779?
8
What is the ten thousands digit of 545197?
4
What is the ten thousands digit of 975838?
7
What is the hundreds digit of 1743637?
6
What is the units digit of 1394524?
4
What is the units digit of 361776?
6
What is the hundreds digit of 32023940?
9
What is the thousands digit of 152766?
2
What is the units digit of 841940?
0
What is the tens digit of 390965?
6
What is the hundred thousands digit of 152795?
1
What is the hundreds digit of 48441?
4
What is the hundreds digit of 6100?
1
What is the units digit of 8017960?
0
What is the tens digit of 6441242?
4
What is the ten millions digit of 13296979?
1
What is the hundred thousands digit of 544609?
5
What is 